base 5) in base 13?
-271
Convert -9b (base 15) to base 10.
-146
-2062 (base 7) to base 3
-1000001
What is -333 (base 11) in base 16?
-18f
What is -87b9 (base 14) in base 13?
-a8c9
10331021 (base 4) to base 6
233545
-32121 (base 8) to base 4
-3101101
-12110 (base 3) to base 4
-2103
What is 53504 (base 6) in base 10?
7312
-101 (base 2) to base 10
-5
What is -11521 (base 9) in base 15?
-2444
Convert -3122 (base 6) to base 3.
-221212
Convert 9e (base 16) to base 5.
1113
What is -16745 (base 10) in base 14?
-6161
Convert -53d (base 16) to base 13.
-7c2
Convert -1415315 (base 6) to base 10.
-80255
What is -2504 (base 6) in base 2?
-1001101000
Convert -112000 (base 4) to base 14.
-728
2651 (base 11) to base 15
1049
221222011 (base 3) to base 16
49f3
What is -427 (base 15) in base 7?
-2506
What is 1110000110000 (base 2) in base 7?
30016
Convert 111 (base 12) to base 3.
12211
What is 8762 (base 14) in base 5?
1222120
Convert -156545 (base 7) to base 16.
-79ac
Convert -39c (base 13) to base 2.
-1001111100
Convert -1100001011110 (base 2) to base 16.
-185e
Convert -652 (base 15) to base 3.
-1221212
602c (base 14) to base 16
4078
558 (base 12) to base 6
3352
Convert -101000 (base 3) to base 11.
-226
Convert -43 (base 15) to base 16.
-3f
Convert 3229 (base 11) to base 10.
4266
2320 (base 6) to base 2
1000101000
What is -1110011001 (base 2) in base 6?
-4133
What is -1200 (base 5) in base 14?
-c7
What is -354 (base 12) in base 16?
-1f0
What is -52615 (base 10) in base 15?
-108ca
-10211202 (base 3) to base 4
-223301
-301 (base 7) to base 8
-224
What is 963 (base 13) in base 3?
2012100
What is -8126 (base 10) in base 5?
-230001
What is -111201 (base 4) in base 2?
-10101100001
355012 (base 6) to base 12
15a68
-10723 (base 8) to base 15
-1543
11222 (base 5) to base 14
420
Convert -44a (base 11) to base 13.
-325
10001001010 (base 2) to base 3
1111200
Convert 112 (base 7) to base 15.
3d
21121021 (base 3) to base 15
1997
What is 171 (base 8) in base 4?
1321
What is -1304233 (base 5) in base 16?
-63e0
Convert 7173 (base 9) to base 13.
250b
Convert 894 (base 16) to base 9.
3010
184a (base 12) to base 9
4024
What is 110211 (base 5) in base 7?
14045
34154 (base 6) to base 7
20026
What is 1420 (base 8) in base 16?
310
Convert 786 (base 9) to base 11.
537
Convert -10158 (base 9) to base 12.
-3a5b
What is -4002 (base 7) in base 12?
-966
What is -4148 (base 9) in base 10?
-3041
16282 (base 9) to base 5
324141
Convert -101100011001100 (base 2) to base 10.
-22732
509 (base 16) to base 10
1289
111011010011 (base 2) to base 12
2243
Convert -20c (base 15) to base 8.
-716
Convert -1100 (base 2) to base 10.
-12
1a0 (base 16) to base 11
349
-289 (base 11) to base 8
-523
Convert -3f (base 16) to base 11.
-58
What is 165 (base 11) in base 8?
300
Convert -85 (base 14) to base 13.
-90
What is 117663 (base 8) in base 14?
10c83
Convert -321000 (base 5) to base 12.
-627a
What is 1921 (base 10) in base 9?
2564
What is -b8 (base 16) in base 7?
-352
Convert -10273 (base 8) to base 15.
-1408
What is -1158 (base 16) in base 13?
-2037
Convert -1fd (base 16) to base 5.
-4014
-2110 (base 6) to base 5
-3344
Convert -464 (base 11) to base 15.
-26e
-1014250 (base 6) to base 4
-23330112
What is 103173 (base 8) in base 12?
17b0b
-5150 (base 8) to base 4
-221220
163 (base 16) to base 9
434
Convert -5234 (base 15) to base 6.
-212234
What is -158c (base 13) in base 8?
-6126
Convert 85 (base 16) to base 11.
111
What is 1048 (base 10) in base 15?
49d
What is -101000001110 (base 2) in base 11?
-1a30
Convert 3155 (base 7) to base 10.
1118
What is 841 (base 13) in base 5?
21110
What is 52247 (base 10) in base 15?
10732
Convert -2042 (base 6) to base 8.
-712
-12022 (base 5) to base 2
-1101110111
Convert 1003301 (base 4) to base 9.
5848
Convert 10001100110 (base 2) to base 12.
79a
-ddb (base 16) to base 2
-110111011011
What is 1302 (base 5) in base 6?
534
What is 2a49 (base 11) in base 8?
7525
What is 31332211 (base 4) in base 11?
3a019
-94 (base 14) to base 10
-130
Convert -43403 (base 7) to base 16.
-2a50
Convert d20b (base 14) to base 16.
8ceb
What is -7a (base 14) in base 9?
-130
Convert -1152 (base 7) to base 15.
-1d9
Convert -45d5 (base 15) to base 9.
-22302
What is 21001 (base 5) in base 15?
61b
13320 (base 4) to base 16
1f8
What is 257b (base 16) in base 12?
5677
Convert 6547 (base 10) to base 4.
1212103
Convert 1137 (base 8) to base 12.
427
6c9d (base 15) to base 5
1214343
589 (base 13) to base 10
958
What is -12ce (base 15) in base 3?
-12111212
Convert 2320220 (base 4) to base 11.
8972
341 (base 14) to base 11
537
Convert -1e5 (base 16) to base 2.
-111100101
Convert -201220 (base 5) to base 14.
-24b9
Convert -110100120 (base 3) to base 12.
-5266
What is -a08 (base 14) in base 12?
-1180
What is -4432 (base 5) in base 6?
-2505
Convert -3ee (base 15) to base 14.
-483
1408 (base 11) to base 4
130133
What is 9093 (base 10) in base 15?
2a63
-232 (base 4) to base 16
-2e
-26b0 (base 12) to base 7
-15660
What is -195 (base 13) in base 5?
-2131
1b3 (base 16) to base 3
121010
Convert 20020021 (base 3) to base 7.
16150
Convert 1079 (base 12) to base 3.
2111110
Convert 3b8 (base 14) to base 3.
1000210
What is -20021100 (base 3) in base 6?
-33100
Convert 136 (base 12) to base 3.
20220
What is 466 (base 8) in base 16?
136
What is 331023 (base 4) in base 14?
15d9
Convert -2cab (base 16) to base 5.
-331220
Convert -1001100111010101 (base 2) to base 4.
-21213111
27a (base 12) to base 2
101111110
Convert -393 (base 10) to base 2.
-110001001
What is -27c91 (base 13) in base 16?
-12397
Convert 299 (base 12) to base 9.
500
-641 (base 7) to base 13
-1bb
-75642 (base 9) to base 6
-1023532
Convert -12204 (base 5) to base 2.
-1110100001
What is 4014 (base 7) in base 4?
111213
What is -30112 (base 4) in base 3?
-1002021
Convert a19 (base 16) to base 10.
2585
1006 (base 9) to base 6
3223
200010110 (base 3) to base 12
7793
What is -7524 (base 14) in base 4?
-10323330
Convert -91 (base 10) to base 14.
-67
-2314 (base 9) to base 5
-23324
-457 (base 10) to base 7
-1222
-101301 (base 5) to base 3
-11120012
Convert -22a38 (base 12) to base 13.
-18182
Convert -6263 (base 12) to base 9.
-15643
Convert -1011111001001000 (base 2) to base 10.
-48712
2622 (base 7) to base 16
3e4
Convert -31476 (base 9) to base 8.
-50505
1010101000010 (base 2) to base 9
7416
Convert 1000111101000100 (base 2) to base 11.
25612
Convert 1856 (base 10) to base 13.
aca
What is 176a (base 11) in base 2?
100011001110
What is 207 (base 15) in base 14?
249
Convert 401301 (base 5) to base 7.
52013
Convert -10343 (base 5) to base 12.
-503
2975 (base 14) to base 4
1302323
What is 1751 (base 8) in base 2?
1111101001
Convert -555 (base 9) to base 16.
-1c7
What is -11324 (base 5) in base 11?
-6a3
2113132 (base 4) to base 16
25de
436 (base 16) to base 14
570
What is 7054 (base 9) in base 8?
12040
What is 2200221 (base 3) in base 16?
7b1
Convert -1200020020 (base 3) to base 14.
-c033
24377 (base 10) to base 11
17351
What is -3041 (base 13) in base 14?
-25c8
4446 (base 8) to base 6
14502
What is 10013112 (base 5) in base 2?
10011010100110101
What is -4136 (base 7) in base 16?
-5a8
What is 714 (base 16) in base 4?
130110
-25445 (base 7) to base 10
-6746
1022000100 (base 3) to base 12
12930
What is 1808 (base 9) in base 6?
10225
-2030 (base 5) to base 9
-324
Convert -a9 (base 11) to base 7.
-230
Convert -cc80 (base 13) to base 5.
-1402441
-a32 (base 11) to base 4
-103131
What is -2021 (base 6) in base 2?
-110111101
What is -24ac (base 13) in base 8?
-12134
Convert 1f6d (base 16) to base 5.
224140
Convert -102055 (base 7) to base 10.
-17533
What is 66a (base 11) in base 10?
802
1a0 (base 11) to base 10
231
What is b03 (base 12) in base 9?
2153
Convert 21666 (base 8) to base 11.
6961
-5776 (base 16) to base 2
-101011101110110
What is 761 (base 11) in base 12?
642
What is -1101010101 (base 2) in base 10?
-853
Convert 404 (base 7) to base 14.
104
What is -26777 (base 9) in base 3?
-220212121
What is -1804 (base 15) in base 12?
-2bb7
What is -515 (base 8) in base 4?
-11031
What is 8cba (base 15) in base 9?
44874
-8a3 (base 14) to base 16
-6af
What is -30010013 (base 4) in base 7?
-264032
What is 21206 (base 7) in base 14?
1cad
What is 4288 (base 13) in base 11?
6a39
What is -41